 and 1056.
33
Calculate the greatest common divisor of 368 and 28.
4
Calculate the highest common divisor of 2 and 19.
1
What is the greatest common divisor of 232 and 1218?
58
What is the highest common factor of 20995 and 85?
85
Calculate the highest common divisor of 35 and 553.
7
Calculate the greatest common factor of 273 and 39.
39
Calculate the highest common divisor of 892 and 12.
4
What is the highest common factor of 2114 and 14?
14
What is the greatest common factor of 64 and 1472?
64
Calculate the greatest common divisor of 3 and 591.
3
What is the highest common divisor of 7567 and 47?
47
Calculate the greatest common divisor of 480 and 16.
16
What is the greatest common factor of 1314 and 292?
146
Calculate the highest common divisor of 29 and 1653.
29
Calculate the highest common factor of 1976 and 228.
76
What is the highest common divisor of 28435 and 47?
47
What is the greatest common divisor of 3839 and 22?
11
Calculate the greatest common factor of 5868 and 9.
9
What is the greatest common factor of 6720 and 140?
140
What is the greatest common factor of 490 and 20?
10
What is the greatest common factor of 5 and 8?
1
What is the greatest common divisor of 17 and 1037?
17
What is the greatest common divisor of 202 and 10201?
101
Calculate the greatest common factor of 544 and 96.
32
What is the greatest common factor of 48 and 732?
12
What is the highest common factor of 6006 and 770?
154
What is the greatest common divisor of 393 and 262?
131
What is the greatest common factor of 2253 and 3?
3
Calculate the greatest common divisor of 172 and 132.
4
What is the greatest common divisor of 8 and 52?
4
Calculate the greatest common divisor of 888 and 360.
24
What is the greatest common factor of 50817 and 26?
13
What is the greatest common divisor of 336 and 2520?
168
Calculate the highest common divisor of 450 and 36.
18
Calculate the highest common factor of 18975 and 110.
55
Calculate the greatest common divisor of 2328 and 24.
24
Calculate the highest common factor of 473 and 1978.
43
Calculate the highest common factor of 5488 and 336.
112
Calculate the greatest common factor of 15452 and 8.
4
What is the greatest common divisor of 384 and 448?
64
Calculate the highest common divisor of 8 and 50.
2
Calculate the highest common factor of 190 and 290.
10
Calculate the highest common divisor of 46 and 782.
46
Calculate the highest common divisor of 30 and 1509.
3
Calculate the highest common divisor of 22 and 10.
2
Calculate the highest common factor of 20 and 235.
5
What is the highest common divisor of 44 and 583?
11
What is the highest common divisor of 369 and 492?
123
Calculate the greatest common factor of 216 and 252.
36
What is the greatest common divisor of 77 and 121?
11
What is the highest common divisor of 1458 and 36?
18
What is the highest common factor of 160 and 5?
5
Calculate the greatest common factor of 296 and 24.
8
Calculate the highest common factor of 1815 and 45.
15
What is the highest common divisor of 15 and 120?
15
Calculate the greatest common factor of 3732 and 48.
12
Calculate the highest common factor of 9 and 75.
3
What is the greatest common divisor of 69 and 1035?
69
Calculate the highest common factor of 7667 and 748.
187
What is the highest common divisor of 28918 and 38?
38
Calculate the highest common factor of 1232 and 44.
44
Calculate the greatest common factor of 126 and 98.
14
Calculate the greatest common factor of 4191 and 33.
33
Calculate the highest common divisor of 1682 and 406.
58
What is the greatest common factor of 80 and 835?
5
Calculate the highest common divisor of 194 and 43747.
97
Calculate the greatest common divisor of 40 and 2460.
20
What is the highest common divisor of 33 and 26763?
33
Calculate the highest common factor of 11080 and 4.
4
What is the greatest common factor of 90 and 160?
10
What is the greatest common divisor of 297 and 44?
11
What is the greatest common factor of 1653 and 342?
57
Calculate the greatest common factor of 27 and 189.
27
Calculate the greatest common divisor of 90 and 216.
18
What is the highest common factor of 909 and 21513?
303
Calculate the greatest common factor of 102 and 374.
34
Calculate the highest common factor of 189 and 378.
189
What is the greatest common divisor of 118 and 4189?
59
What is the highest common factor of 2259 and 4?
1
What is the highest common divisor of 109 and 3379?
109
Calculate the greatest common factor of 234 and 1014.
78
What is the highest common divisor of 2061 and 229?
229
What is the highest common divisor of 888 and 24?
24
Calculate the highest common divisor of 292 and 10658.
146
Calculate the highest common factor of 476 and 10234.
238
Calculate the highest common divisor of 1666 and 126.
14
Calculate the highest common divisor of 18 and 540.
18
What is the greatest common divisor of 191 and 1?
1
What is the greatest common factor of 23 and 17?
1
What is the highest common factor of 234 and 1200?
6
What is the highest common divisor of 51 and 170?
17
Calculate the highest common factor of 28 and 126.
14
What is the greatest common divisor of 738 and 164?
82
What is the greatest common factor of 13266 and 165?
33
Calculate the highest common factor of 10 and 235.
5
What is the highest common factor of 8 and 596?
4
What is the highest common factor of 110 and 572?
22
What is the highest common factor of 2247 and 42?
21
Calculate the highest common factor of 1472 and 46.
46
Calculate the highest common divisor of 343 and 12103.
49
Calculate the highest common factor of 168 and 546.
42
What is the greatest common divisor of 1974 and 210?
42
Calculate the greatest common factor of 182 and 208.
26
Calculate the highest common divisor of 1029 and 21.
21
Calculate the highest common factor of 396 and 9.
9
What is the highest common divisor of 33 and 33?
33
What is the highest common divisor of 22 and 2?
2
Calculate the greatest common factor of 9595 and 95.
95
Calculate the greatest common factor of 93 and 403.
31
Calculate the greatest common factor of 56 and 688.
8
Calculate the greatest common factor of 141 and 4.
1
What is the greatest common divisor of 10 and 1730?
10
Calculate the highest common factor of 1691 and 323.
19
What is the greatest common factor of 3 and 573?
3
Calculate the greatest common factor of 16394 and 28.
14
What is the greatest common divisor of 145 and 3712?
29
What is the highest common factor of 765 and 225?
45
Calculate the highest common factor of 20 and 1070.
10
What is the greatest common factor of 1044 and 18?
18
What is the greatest common divisor of 60 and 160?
20
Calculate the greatest common factor of 350 and 280.
70
Calculate the greatest common factor of 22 and 1474.
22
Calculate the highest common divisor of 87 and 33.
3
What is the greatest common divisor of 111 and 3?
3
Calculate the highest common factor of 2875 and 125.
125
What is the greatest common divisor of 779 and 41?
41
What is the highest common divisor of 325 and 13?
13
What is the greatest common divisor of 15 and 430?
5
What is the greatest common factor of 87 and 87?
87
What is the greatest common factor of 117 and 637?
13
Calculate the highest common factor of 1631 and 7.
7
Calculate the greatest common divisor of 18 and 27.
9
Calculate the greatest common factor of 1590 and 30.
30
What is the highest common divisor of 31020 and 24?
12
Calculate the greatest common factor of 220 and 280.
20
Calculate the greatest common factor of 840 and 23352.
168
What is the greatest common factor of 21 and 6811?
7
Calculate the greatest common divisor of 55 and 440.
55
Calculate the highest common factor of 664 and 8.
8
Calculate the greatest common divisor of 15 and 57.
3
What is the highest common factor of 531 and 472?
59
Calculate the greatest common factor of 70 and 1974.
14
What is the highest common factor of 496 and 16?
16
What is the greatest common factor of 55 and 5?
5
What is the highest common factor of 150 and 100?
50
Calculate the highest common factor of 63 and 99.
9
Calculate the greatest common divisor of 697 and 1025.
41
What is the highest common factor of 14405 and 86?
43
Calculate the greatest common factor of 34424 and 104.
104
What is the greatest common factor of 13 and 144937